 of k(39)?
False
Let m = 56 + -54. Suppose -m*x + 5*x = 3*d - 552, -x = -5*d + 936. Is d a multiple of 31?
False
Is 8/(5/(-90)*-6) a multiple of 2?
True
Does 48 divide (-6)/14 + 18672/56?
False
Let v(u) be the third derivative of 37*u**4/24 - u**3/3 - 2*u**2. Is v(2) a multiple of 14?
False
Suppose -58*k = -61*k + 132. Does 4 divide k?
True
Does 48 divide (-42)/9*(737/(-22) + 2)?
False
Let m(r) = r**2 + 3. Let f be m(0). Let q(k) = f*k**2 - 5*k**2 + 2*k**2 - 1 - k**2 + 9*k. Is q(7) a multiple of 7?
False
Suppose -q - 2*q = 3, -b - 11 = q. Does 40 divide 6/15 - 1126/b?
False
Let g(i) = -i**3 - 4*i**2 + 4*i + 2. Let q be g(-5). Suppose -532 = -q*b - 119. Does 32 divide b?
False
Let g = -11 + 13. Let s = g + 3. Suppose -s*l = -l - 100. Does 19 divide l?
False
Let y(p) be the third derivative of -p**4/12 + p**3 - 2*p**2. Let d = -41 + 34. Is 20 a factor of y(d)?
True
Let m(y) = 6*y + 129. Is 4 a factor of m(-12)?
False
Suppose -3*q - 15 = 0, -4*x + 0 = 3*q + 15. Let o be 2/6 + (-704)/(-12). Suppose -2*b + 5 + o = x. Is 16 a factor of b?
True
Let x = 116 - 72. Suppose 15*q - 950 - 115 = 0. Let b = q - x. Is b a multiple of 6?
False
Let r(t) = 287*t + 306. Is r(14) a multiple of 23?
True
Suppose 0 + 12 = 4*g. Suppose g + 10 = p. Suppose 5*y = 2*i - 2 - p, -3*i + 2*y + 17 = 0. Is 3 a factor of i?
False
Let y be -4 + 5/((-10)/(-8)). Let g be (3 - y)*48/36. Suppose -g*b + 164 + 80 = 0. Is 17 a factor of b?
False
Suppose -2*m + 3*m + 50 = 0. Let s be m/(-10) - (1 + -1). Suppose 4*x - 75 = s. Does 15 divide x?
False
Suppose 0*k - 284 = -4*k. Suppose -g + m + 23 = 0, -k = -3*g - m + 2*m. Is (16/g)/((-2)/(-42)) a multiple of 7?
True
Is (6 + 88/(-12))/(4/(-306)) a multiple of 8?
False
Let s(z) = -44*z - 13. Let n(c) = 15*c + 4. Let a(m) = -11*n(m) - 4*s(m). Let r = -57 - -65. Is 24 a factor of a(r)?
True
Let g(w) = 3*w**2 + 29*w - 11. Let m be g(-13). Suppose -m - 51 = -10*y. Is y a multiple of 17?
True
Let r(p) = 19*p**3 - 1. Let m be r(1). Does 16 divide (3 + -3 - 1) + m?
False
Let a(f) = -f**2 + 15*f + 7. Let n be a(15). Suppose -n*s - 12 = -4*s. Let c(r) = 3*r**2 + 2. Is c(s) a multiple of 25?
True
Let c = -10 - -7. Let r(y) = -12*y - 7 + 5*y + 4*y - 18*y. Is 14 a factor of r(c)?
True
Let f = 174 + -168. Does 2 divide f?
True
Let v(x) = x**2 - 2*x + 5. Let s be v(0). Suppose -3*n + 59 = -2*c + 314, -145 = -c + s*n. Is 12 a factor of c?
True
Suppose 5*z + 5 - 20 = 0. Suppose -z*g - 30 = -300. Is g a multiple of 18?
True
Suppose -v - 2*s = -126, -2*v + 5*s + 439 = 2*v. Is v a multiple of 12?
False
Let j(i) = i**3 + 11*i**2 + 8*i + 2. Let s be j(-10). Suppose 5*o + 290 = 15*o. Suppose -o = -3*g + s. Does 8 divide g?
False
Suppose 3*f - 66 = f. Let s = -24 + f. Suppose -253 = -4*q - s. Is q a multiple of 8?
False
Let d = -74 - -173. Does 14 divide d?
False
Suppose 5*l - 80 = 245. Suppose 0 = o + 5*t - l, 169 + 219 = 5*o + 4*t. Is o a multiple of 16?
True
Suppose 5*v = 14 - 54. Let c(g) = -g - 7. Let d be c(v). Does 12 divide d/(-3 + (-104)/(-34))?
False
Suppose 0 = 6*w - 2*w - 12. Suppose 0 = -4*c + w*c + 74. Is 37 a factor of c?
True
Suppose -7*k = -1900 - 4484. Does 48 divide k?
True
Let n(x) = 8*x + 2. Let r = -7 - -8. Let z be 3/(-3) - (-2 - r). Is 14 a factor of n(z)?
False
Let a(f) = -f**3 - 9*f**2 + 2. Let d be a(-9). Suppose -y = 2*j + 4*y + 13, 0 = -4*j + d*y - 14. Is 16 a factor of 8*(-2)/(j/17)?
False
Suppose 0 = 5*i - 9 - 6. Suppose 154 = r + 3*s, -i*r + 0*r + 2*s = -484. Does 40 divide r?
True
Suppose 0*p = -p + 75. Suppose 4*j + 221 = 3*s, -s + p = 2*j - 4*j. Is s a multiple of 27?
False
Suppose -30905 = -12*q - 293. Does 93 divide q?
False
Let j be 5 + -7 - (1 - 132). Suppose j = 5*z - 8*z. Let a = -14 - z. Is a a multiple of 10?
False
Let t(p) = 45*p + 81. Let u be t(-12). Is u/(-4) + 12/(-16) a multiple of 19?
True
Is (64064/336)/((-1)/(-6)) a multiple of 9?
False
Suppose -7*i - 88 = -11. Suppose -326 - 334 = 2*z. Does 8 divide (4/5)/(i/z)?
True
Let i be 73 - ((8 - 2) + -3). Let a = -19 + 58. Let q = i - a. Does 13 divide q?
False
Let y(b) = 21*b + 3. Let p be y(-7). Does 44 divide p/(-6)*62/8?
False
Does 33 divide 539 + (-9)/(18/14)?
False
Let k be (12/6)/((-2)/(-107)). Let w = k - -12. Is 14 a factor of w?
False
Suppose 2*t + 28 - 52 = 0. Is (16/t)/((-2)/(-240)) a multiple of 8?
True
Suppose -13*l = -9*l. Suppose -4*u + 237 = d, -3*u + l*u + 5*d = -195. Does 12 divide u?
True
Suppose 5*j + 3125 = 5*q, 3*j + 627 = q + j. Suppose -6*n + q = -187. Does 45 divide n?
True
Suppose -o + 5*t + 94 = 0, -183 = -2*o - t + 6*t. Let h = o - 40. Is 16 a factor of h?
False
Let t = 514 - 345. Does 4 divide t?
False
Let n(c) = -4*c + 7*c**2 - c**3 - 10 + 0*c**3 + 17 - 4*c. Let y = -1 + 6. Is n(y) a multiple of 17?
True
Let z(y) be the third derivative of 11*y**4/12 + 13*y**3/6 + 38*y**2. Is z(6) a multiple of 16?
False
Suppose -8 = z - 11, -5*a + 3*z = -4551. Is 57 a factor of a?
True
Suppose -3*a = n - 16, 17 = -2*n - 5*a + 45. Let g = 6 - n. Is 14 a factor of (-1199)/(-22) - (-1)/g?
False
Let v be ((-47)/(-5) - (-4)/(-10)) + -4. Suppose -3*r - 18 = -v*r. Is r a multiple of 8?
False
Suppose -2622 = -2*x - i, -x - 2*i + 539 = -766. Is 101 a factor of x?
True
Let b = -525 - -843. Is 38 a factor of b?
False
Let k = -6 + 9. Let g be (-5)/5 + k*1. Suppose 45 = d - 4*o, -g = -3*o - 14. Is 7 a factor of d?
False
Suppose 0 = -4*g + 23 - 19. Let c be -3 + g + -1 + 5. Suppose 5*o - c*w - 81 = 0, 3 - 65 = -4*o + 3*w. Does 4 divide o?
False
Let i = -14 - -135. Suppose -3*l = -5*t - i, -5 - 40 = -l + 4*t. Does 5 divide l?
False
Let q(d) = 5*d + 49. Let x be q(-11). Let w(i) = -i**3 - 3*i**2 - 9*i. Does 18 divide w(x)?
True
Let k = -60 - -60. Suppose -10*b + 7*b + 333 = k. Is 16 a factor of b?
False
Let l = -79 - 34. Let b = 174 + l. Let u = b + 14. Does 25 divide u?
True
Let v(a) = -4*a**3. Let j be v(-1). Let p = -3 + 5. Is (p/j)/(3/72) a multiple of 4?
True
Suppose g = 12 + 12. Let d = 11 - 9. Let b = g - d. Does 22 divide b?
True
Let y = -19 - -39. Let x = -27 - y. Let f = -33 - x. Is 4 a factor of f?
False
Suppose 2*v - 789 = -147. Is 3 a factor of v?
True
Suppose -1239 = -3*f - o, 3*o - 778 - 874 = -4*f. Does 13 divide f?
False
Let a(o) = 17*o**2 + 22*o - 2. Is 10 a factor of a(-5)?
False
Let o(w) = 3*w**2 - 2*w - 1. Let m be (-4)/6 + (-8)/24. Let v be o(m). Suppose -u = -v*u + 51. Is 4 a factor of u?
False
Suppose 0 = f - z - 110, 2*z = -4*f - 0*f + 410. Let t = 240 - f. Is 27 a factor of t?
True
Suppose 46*p + 210 = 60*p. Does 5 divide p?
True
Suppose -j - l = -4, -3*j - l + 12 = -0*j. Suppose -9 = -j*i + 199. Does 13 divide i?
True
Let q = -13 + 15. Suppose -q*l = -7*l - 1130. Let x = -138 - l. Is x a multiple of 22?
True
Let w(x) = 4*x - 43. Let v(g) = -3*g + 44. Let b(n) = 5*v(n) + 4*w(n). Is b(-28) a multiple of 5?
True
Let b(a) = 6*a**2 + 13*a - 112. Is b(6) a multiple of 11?
False
Let n = 131 - 72. Suppose 0 = 2*s - 4*i - 53 - n, 0 = -2*s + 5*i + 108. Is s a multiple of 5?
False
Suppose -7*k - 120 = -15*k. Suppose -280 = -k*s + s. Is s a multiple of 7?
False
Let w(r) = 23*r + 1. Let p = -19 + 20. Let k be w(p). Does 3 divide 198/k + 6/8?
True
Let r be 1 - (-2 + (-2 - -2)). Suppose l = 4*l - 2*w - 11, 0 = -l + 3*w - 8. Suppose l = v - r. Is v a multiple of 3?
False
Let f = -25 + 25. Suppose f = 3*q - 4*q - 3, -5*n - 3*q + 326 = 0. Is 8 a factor of n?
False
Suppose 3*c = -q + 3296, -q - 3*q - c + 13151 = 0. Is 19 a factor of q?
True
Let m be (-37*(-1)/(-2))/(3/(-18)). Suppose 2*b - 238 = -0*b - 4*r, 2*r + m = b. Is 23 a factor of b?
True
Suppose a + 2*j - 3 = 0, j + 1 = -0. Suppose -115 = -3*g - o, 0 = g + 3*g - a*o - 147. Does 12 divide g?
False
Let x(k) = -9*k + 19*k - 9*k - 11. Let o be x(9). Let b(g) = -g**3 + 3*g**2 + 3*g + 2. Is b(o) a multiple of 8?
True
Let f = -177 + 311. Let r = 296 - f. Is 28 a factor of r?
False
Is 2 + -6 - -1842*8/12 a multiple of 8?
True
Let g = 817 - -107. Is g a multiple of 44?
True
Let h = -214 + 283. Is h even?
False
Suppose -219 = -2*y + 5*b, -51 = 4*y - 3*b - 496. Is y a multiple of 8?
True
Suppose -961 = -o + 2*o - g, 2*o = 3*g - 1923. Let f be (2/4)/((-5)/o). Is 12 a factor of ((-12)/16)/((-2)/f)?
True
Let q = -89 + 96. Suppose -q*s + 6*s + 14 = 0. Is s a multiple of 14?
True
Does 5 divide (-5 - (-8176)/24) + (-2